{"id":97,"date":"2020-10-04T16:54:01","date_gmt":"2020-10-04T14:54:01","guid":{"rendered":"https:\/\/owliz.fr\/?page_id=97"},"modified":"2024-07-19T23:59:45","modified_gmt":"2024-07-19T21:59:45","slug":"prestations-de-secretaire-freelance-services-professionnels-pour-vos-besoins-administratifs","status":"publish","type":"page","link":"https:\/\/owliz.fr\/index.php\/prestations-de-secretaire-freelance-services-professionnels-pour-vos-besoins-administratifs\/","title":{"rendered":"Prestations"},"content":{"rendered":"\t\t<div data-elementor-type=\"wp-page\" data-elementor-id=\"97\" class=\"elementor elementor-97\">\n\t\t\t\t\t\t<div class=\"elementor-inner\">\n\t\t\t\t<div class=\"elementor-section-wrap\">\n\t\t\t\t\t\t\t\t\t<section class=\"elementor-section elementor-top-section elementor-element elementor-element-61061b3b elementor-section-height-min-height elementor-section-boxed elementor-section-height-default elementor-section-items-middle\" data-id=\"61061b3b\" data-element_type=\"section\" data-settings=\"{&quot;background_background&quot;:&quot;classic&quot;}\">\n\t\t\t\t\t\t\t<div class=\"elementor-background-overlay\"><\/div>\n\t\t\t\t\t\t\t<div class=\"elementor-container elementor-column-gap-default\">\n\t\t\t\t\t\t\t<div class=\"elementor-row\">\n\t\t\t\t\t<div class=\"elementor-column elementor-col-100 elementor-top-column elementor-element elementor-element-3e1d77f7\" data-id=\"3e1d77f7\" data-element_type=\"column\">\n\t\t\t<div class=\"elementor-column-wrap elementor-element-populated\">\n\t\t\t\t\t\t\t<div class=\"elementor-widget-wrap\">\n\t\t\t\t\t\t<div class=\"elementor-element elementor-element-656b1716 elementor-widget elementor-widget-heading\" data-id=\"656b1716\" data-element_type=\"widget\" data-widget_type=\"heading.default\">\n\t\t\t\t<div class=\"elementor-widget-container\">\n\t\t\t<h1 class=\"elementor-heading-title elementor-size-large\">Un large \u00e9ventail de prestations pour faciliter la gestion de votre entreprise :<br>secr\u00e9tariat, GESTION PAIE-RH ET FORMALITES JURIDIQUES<\/h1>\t\t<\/div>\n\t\t\t\t<\/div>\n\t\t\t\t<div class=\"elementor-element elementor-element-148a20a0 elementor-widget-divider--view-line elementor-widget elementor-widget-divider\" data-id=\"148a20a0\" data-element_type=\"widget\" data-widget_type=\"divider.default\">\n\t\t\t\t<div class=\"elementor-widget-container\">\n\t\t\t\t\t<div class=\"elementor-divider\">\n\t\t\t<span class=\"elementor-divider-separator\">\n\t\t\t\t\t\t<\/span>\n\t\t<\/div>\n\t\t\t\t<\/div>\n\t\t\t\t<\/div>\n\t\t\t\t\t\t<\/div>\n\t\t\t\t\t<\/div>\n\t\t<\/div>\n\t\t\t\t\t\t\t\t<\/div>\n\t\t\t\t\t<\/div>\n\t\t<\/section>\n\t\t\t\t<section class=\"elementor-section elementor-top-section elementor-element elementor-element-23bcce52 elementor-section-height-min-height elementor-section-content-middle elementor-section-boxed elementor-section-height-default elementor-section-items-middle\" data-id=\"23bcce52\" data-element_type=\"section\" data-settings=\"{&quot;background_background&quot;:&quot;classic&quot;}\">\n\t\t\t\t\t\t<div class=\"elementor-container elementor-column-gap-default\">\n\t\t\t\t\t\t\t<div class=\"elementor-row\">\n\t\t\t\t\t<div class=\"elementor-column elementor-col-50 elementor-top-column elementor-element elementor-element-4c00d802\" data-id=\"4c00d802\" data-element_type=\"column\">\n\t\t\t<div class=\"elementor-column-wrap elementor-element-populated\">\n\t\t\t\t\t\t\t<div class=\"elementor-widget-wrap\">\n\t\t\t\t\t\t<div class=\"elementor-element elementor-element-7efaac1e elementor-widget-divider--separator-type-pattern elementor-widget-divider--bg-round elementor-widget-divider--view-line elementor-widget elementor-widget-divider\" data-id=\"7efaac1e\" data-element_type=\"widget\" data-widget_type=\"divider.default\">\n\t\t\t\t<div class=\"elementor-widget-container\">\n\t\t\t\t\t<div class=\"elementor-divider\" style=\"--divider-pattern-url: url(&quot;data:image\/svg+xml,%3Csvg xmlns=&#039;http:\/\/www.w3.org\/2000\/svg&#039; preserveAspectRatio=&#039;xMidYMid meet&#039; overflow=&#039;visible&#039; height=&#039;100%&#039; viewBox=&#039;0 0 24 24&#039; fill=&#039;black&#039; stroke=&#039;none&#039;%3E%3Cpath d=&#039;M14.2,4c0.3,0,0.5,0.1,0.7,0.3l7.9,7.2c0.2,0.2,0.3,0.4,0.3,0.7s-0.1,0.5-0.3,0.7l-7.9,7.2c-0.2,0.2-0.4,0.3-0.7,0.3s-0.5-0.1-0.7-0.3s-0.3-0.4-0.3-0.7l0-2.9l-11.5,0c-0.4,0-0.7-0.3-0.7-0.7V9.4C1,9,1.3,8.7,1.7,8.7l11.5,0l0-3.6c0-0.3,0.1-0.5,0.3-0.7S13.9,4,14.2,4z&#039;\/%3E%3C\/svg%3E&quot;);\">\n\t\t\t<span class=\"elementor-divider-separator\">\n\t\t\t\t\t\t<\/span>\n\t\t<\/div>\n\t\t\t\t<\/div>\n\t\t\t\t<\/div>\n\t\t\t\t<div class=\"elementor-element elementor-element-21cacd03 elementor-widget elementor-widget-heading\" data-id=\"21cacd03\" data-element_type=\"widget\" data-widget_type=\"heading.default\">\n\t\t\t\t<div class=\"elementor-widget-container\">\n\t\t\t<h2 class=\"elementor-heading-title elementor-size-large\">Gestion administrative et commerciale\n<\/h2>\t\t<\/div>\n\t\t\t\t<\/div>\n\t\t\t\t<div class=\"elementor-element elementor-element-58de0ff4 elementor-widget elementor-widget-text-editor\" data-id=\"58de0ff4\" data-element_type=\"widget\" data-widget_type=\"text-editor.default\">\n\t\t\t\t<div class=\"elementor-widget-container\">\n\t\t\t\t\t\t\t\t<div class=\"elementor-text-editor elementor-clearfix\">\n\t\t\t\t<ul><li>Suivi et traitement de courriers, d\u00e9marches administratives<\/li><li>Gestion d\u2019agenda<\/li><li>Gestion des litiges<\/li><li>Devis, factures,<\/li><li>Relances, recouvrement<\/li><li>Relation client\u00e8le<\/li><li>Mise en place des actions de prospection et de communication<\/li><li>Appels d&#8217;offre<\/li><li>Certification (QUALIOPI, GLOBAL GAP, QUALIBAT&#8230;)<\/li><li>Pr\u00e9-comptabilit\u00e9<\/li><\/ul>\t\t\t\t\t<\/div>\n\t\t\t\t\t\t<\/div>\n\t\t\t\t<\/div>\n\t\t\t\t\t\t<\/div>\n\t\t\t\t\t<\/div>\n\t\t<\/div>\n\t\t\t\t<div class=\"elementor-column elementor-col-50 elementor-top-column elementor-element elementor-element-7a10b15c\" data-id=\"7a10b15c\" data-element_type=\"column\">\n\t\t\t<div class=\"elementor-column-wrap elementor-element-populated\">\n\t\t\t\t\t\t\t<div class=\"elementor-widget-wrap\">\n\t\t\t\t\t\t<div class=\"elementor-element elementor-element-1eb55f58 elementor-widget elementor-widget-image\" data-id=\"1eb55f58\" data-element_type=\"widget\" data-widget_type=\"image.default\">\n\t\t\t\t<div class=\"elementor-widget-container\">\n\t\t\t\t\t\t\t\t<div class=\"elementor-image\">\n\t\t\t\t\t\t\t\t\t\t\t\t<img width=\"128\" height=\"128\" src=\"https:\/\/owliz.fr\/wp-content\/uploads\/2020\/10\/1470399662_Marketing.png\" class=\"attachment-full size-full wp-image-197\" alt=\"\" loading=\"lazy\" \/>\t\t\t\t\t\t\t\t\t\t\t\t\t\t<\/div>\n\t\t\t\t\t\t<\/div>\n\t\t\t\t<\/div>\n\t\t\t\t\t\t<\/div>\n\t\t\t\t\t<\/div>\n\t\t<\/div>\n\t\t\t\t\t\t\t\t<\/div>\n\t\t\t\t\t<\/div>\n\t\t<\/section>\n\t\t\t\t<section class=\"elementor-section elementor-top-section elementor-element elementor-element-5d9d448b elementor-section-height-min-height elementor-section-content-middle elementor-reverse-mobile elementor-section-boxed elementor-section-height-default elementor-section-items-middle\" data-id=\"5d9d448b\" data-element_type=\"section\" data-settings=\"{&quot;background_background&quot;:&quot;none&quot;}\">\n\t\t\t\t\t\t<div class=\"elementor-container elementor-column-gap-default\">\n\t\t\t\t\t\t\t<div class=\"elementor-row\">\n\t\t\t\t\t<div class=\"elementor-column elementor-col-50 elementor-top-column elementor-element elementor-element-22efc72e\" data-id=\"22efc72e\" data-element_type=\"column\">\n\t\t\t<div class=\"elementor-column-wrap elementor-element-populated\">\n\t\t\t\t\t\t\t<div class=\"elementor-widget-wrap\">\n\t\t\t\t\t\t<div class=\"elementor-element elementor-element-219fc765 elementor-widget elementor-widget-image\" data-id=\"219fc765\" data-element_type=\"widget\" data-widget_type=\"image.default\">\n\t\t\t\t<div class=\"elementor-widget-container\">\n\t\t\t\t\t\t\t\t<div class=\"elementor-image\">\n\t\t\t\t\t\t\t\t\t\t\t\t<img width=\"512\" height=\"512\" src=\"https:\/\/owliz.fr\/wp-content\/uploads\/2020\/10\/1470399614_Social_Media.png\" class=\"attachment-full size-full wp-image-195\" alt=\"r\u00e9daction web-SEO -r\u00e9dacteur web CHATTRES ORLEANS DREUX RAMOBUILLET\" loading=\"lazy\" srcset=\"https:\/\/owliz.fr\/wp-content\/uploads\/2020\/10\/1470399614_Social_Media.png 512w, https:\/\/owliz.fr\/wp-content\/uploads\/2020\/10\/1470399614_Social_Media-300x300.png 300w, https:\/\/owliz.fr\/wp-content\/uploads\/2020\/10\/1470399614_Social_Media-150x150.png 150w\" sizes=\"(max-width: 512px) 100vw, 512px\" \/>\t\t\t\t\t\t\t\t\t\t\t\t\t\t<\/div>\n\t\t\t\t\t\t<\/div>\n\t\t\t\t<\/div>\n\t\t\t\t\t\t<\/div>\n\t\t\t\t\t<\/div>\n\t\t<\/div>\n\t\t\t\t<div class=\"elementor-column elementor-col-50 elementor-top-column elementor-element elementor-element-1986ab5c\" data-id=\"1986ab5c\" data-element_type=\"column\">\n\t\t\t<div class=\"elementor-column-wrap elementor-element-populated\">\n\t\t\t\t\t\t\t<div class=\"elementor-widget-wrap\">\n\t\t\t\t\t\t<div class=\"elementor-element elementor-element-7e625423 elementor-widget-divider--separator-type-pattern elementor-widget-divider--bg-round elementor-widget-divider--view-line elementor-widget elementor-widget-divider\" data-id=\"7e625423\" data-element_type=\"widget\" data-widget_type=\"divider.default\">\n\t\t\t\t<div class=\"elementor-widget-container\">\n\t\t\t\t\t<div class=\"elementor-divider\" style=\"--divider-pattern-url: url(&quot;data:image\/svg+xml,%3Csvg xmlns=&#039;http:\/\/www.w3.org\/2000\/svg&#039; preserveAspectRatio=&#039;xMidYMid meet&#039; overflow=&#039;visible&#039; height=&#039;100%&#039; viewBox=&#039;0 0 24 24&#039; fill=&#039;black&#039; stroke=&#039;none&#039;%3E%3Cpath d=&#039;M14.2,4c0.3,0,0.5,0.1,0.7,0.3l7.9,7.2c0.2,0.2,0.3,0.4,0.3,0.7s-0.1,0.5-0.3,0.7l-7.9,7.2c-0.2,0.2-0.4,0.3-0.7,0.3s-0.5-0.1-0.7-0.3s-0.3-0.4-0.3-0.7l0-2.9l-11.5,0c-0.4,0-0.7-0.3-0.7-0.7V9.4C1,9,1.3,8.7,1.7,8.7l11.5,0l0-3.6c0-0.3,0.1-0.5,0.3-0.7S13.9,4,14.2,4z&#039;\/%3E%3C\/svg%3E&quot;);\">\n\t\t\t<span class=\"elementor-divider-separator\">\n\t\t\t\t\t\t<\/span>\n\t\t<\/div>\n\t\t\t\t<\/div>\n\t\t\t\t<\/div>\n\t\t\t\t<div class=\"elementor-element elementor-element-3b541898 elementor-widget elementor-widget-heading\" data-id=\"3b541898\" data-element_type=\"widget\" data-widget_type=\"heading.default\">\n\t\t\t\t<div class=\"elementor-widget-container\">\n\t\t\t<h2 class=\"elementor-heading-title elementor-size-large\">Gestion PAIE ET RH<\/h2>\t\t<\/div>\n\t\t\t\t<\/div>\n\t\t\t\t<div class=\"elementor-element elementor-element-21f70b3f elementor-widget elementor-widget-text-editor\" data-id=\"21f70b3f\" data-element_type=\"widget\" data-widget_type=\"text-editor.default\">\n\t\t\t\t<div class=\"elementor-widget-container\">\n\t\t\t\t\t\t\t\t<div class=\"elementor-text-editor elementor-clearfix\">\n\t\t\t\t<ul><li>Paie et d\u00e9clarations sociales<\/li><li>Formalit\u00e9s d\u2019embauche (DPAE, contrats de travail)<\/li><li>D\u00e9marches administratives (affiliation mutuelle et pr\u00e9voyance, carte BTP, autorisation de travail&#8230;)<\/li><li>Accompagnement RH<\/li><\/ul>\t\t\t\t\t<\/div>\n\t\t\t\t\t\t<\/div>\n\t\t\t\t<\/div>\n\t\t\t\t\t\t<\/div>\n\t\t\t\t\t<\/div>\n\t\t<\/div>\n\t\t\t\t\t\t\t\t<\/div>\n\t\t\t\t\t<\/div>\n\t\t<\/section>\n\t\t\t\t<section class=\"elementor-section elementor-top-section elementor-element elementor-element-11d28bc4 elementor-section-height-min-height elementor-section-content-middle elementor-section-boxed elementor-section-height-default elementor-section-items-middle\" data-id=\"11d28bc4\" data-element_type=\"section\" data-settings=\"{&quot;background_background&quot;:&quot;classic&quot;}\">\n\t\t\t\t\t\t<div class=\"elementor-container elementor-column-gap-default\">\n\t\t\t\t\t\t\t<div class=\"elementor-row\">\n\t\t\t\t\t<div class=\"elementor-column elementor-col-50 elementor-top-column elementor-element elementor-element-7fbccf56\" data-id=\"7fbccf56\" data-element_type=\"column\">\n\t\t\t<div class=\"elementor-column-wrap elementor-element-populated\">\n\t\t\t\t\t\t\t<div class=\"elementor-widget-wrap\">\n\t\t\t\t\t\t<div class=\"elementor-element elementor-element-3f150bfa elementor-widget-divider--separator-type-pattern elementor-widget-divider--bg-round elementor-widget-divider--view-line elementor-widget elementor-widget-divider\" data-id=\"3f150bfa\" data-element_type=\"widget\" data-widget_type=\"divider.default\">\n\t\t\t\t<div class=\"elementor-widget-container\">\n\t\t\t\t\t<div class=\"elementor-divider\" style=\"--divider-pattern-url: url(&quot;data:image\/svg+xml,%3Csvg xmlns=&#039;http:\/\/www.w3.org\/2000\/svg&#039; preserveAspectRatio=&#039;xMidYMid meet&#039; overflow=&#039;visible&#039; height=&#039;100%&#039; viewBox=&#039;0 0 24 24&#039; fill=&#039;black&#039; stroke=&#039;none&#039;%3E%3Cpath d=&#039;M14.2,4c0.3,0,0.5,0.1,0.7,0.3l7.9,7.2c0.2,0.2,0.3,0.4,0.3,0.7s-0.1,0.5-0.3,0.7l-7.9,7.2c-0.2,0.2-0.4,0.3-0.7,0.3s-0.5-0.1-0.7-0.3s-0.3-0.4-0.3-0.7l0-2.9l-11.5,0c-0.4,0-0.7-0.3-0.7-0.7V9.4C1,9,1.3,8.7,1.7,8.7l11.5,0l0-3.6c0-0.3,0.1-0.5,0.3-0.7S13.9,4,14.2,4z&#039;\/%3E%3C\/svg%3E&quot;);\">\n\t\t\t<span class=\"elementor-divider-separator\">\n\t\t\t\t\t\t<\/span>\n\t\t<\/div>\n\t\t\t\t<\/div>\n\t\t\t\t<\/div>\n\t\t\t\t<div class=\"elementor-element elementor-element-58fae9ee elementor-widget elementor-widget-heading\" data-id=\"58fae9ee\" data-element_type=\"widget\" data-widget_type=\"heading.default\">\n\t\t\t\t<div class=\"elementor-widget-container\">\n\t\t\t<h2 class=\"elementor-heading-title elementor-size-large\">FORMALITES JURIDIQUES<\/h2>\t\t<\/div>\n\t\t\t\t<\/div>\n\t\t\t\t<div class=\"elementor-element elementor-element-4d29a3a9 elementor-widget elementor-widget-text-editor\" data-id=\"4d29a3a9\" data-element_type=\"widget\" data-widget_type=\"text-editor.default\">\n\t\t\t\t<div class=\"elementor-widget-container\">\n\t\t\t\t\t\t\t\t<div class=\"elementor-text-editor elementor-clearfix\">\n\t\t\t\t<ul><li>Immatriculation<\/li><li>Transfert de si\u00e8ge social<\/li><li>Capital social (cession de parts, augmentation, perte de la moiti\u00e9 du capital social&#8230;)\u00a0<\/li><li>Changement de dirigeant<\/li><li>D\u00e9p\u00f4t des comptes<\/li><li>Dissolution-liquidation<\/li><li>Changements statutaires (objet, nom &#8230;)\u00a0<\/li><\/ul>\t\t\t\t\t<\/div>\n\t\t\t\t\t\t<\/div>\n\t\t\t\t<\/div>\n\t\t\t\t\t\t<\/div>\n\t\t\t\t\t<\/div>\n\t\t<\/div>\n\t\t\t\t<div class=\"elementor-column elementor-col-50 elementor-top-column elementor-element elementor-element-e2813cd\" data-id=\"e2813cd\" data-element_type=\"column\">\n\t\t\t<div class=\"elementor-column-wrap elementor-element-populated\">\n\t\t\t\t\t\t\t<div class=\"elementor-widget-wrap\">\n\t\t\t\t\t\t<div class=\"elementor-element elementor-element-750f717f elementor-widget elementor-widget-image\" data-id=\"750f717f\" data-element_type=\"widget\" data-widget_type=\"image.default\">\n\t\t\t\t<div class=\"elementor-widget-container\">\n\t\t\t\t\t\t\t\t<div class=\"elementor-image\">\n\t\t\t\t\t\t\t\t\t\t\t\t<img width=\"128\" height=\"128\" src=\"https:\/\/owliz.fr\/wp-content\/uploads\/2020\/10\/1470399656_Branding.png\" class=\"attachment-full size-full wp-image-202\" alt=\"\" loading=\"lazy\" \/>\t\t\t\t\t\t\t\t\t\t\t\t\t\t<\/div>\n\t\t\t\t\t\t<\/div>\n\t\t\t\t<\/div>\n\t\t\t\t\t\t<\/div>\n\t\t\t\t\t<\/div>\n\t\t<\/div>\n\t\t\t\t\t\t\t\t<\/div>\n\t\t\t\t\t<\/div>\n\t\t<\/section>\n\t\t\t\t\t\t\t\t\t<\/div>\n\t\t\t<\/div>\n\t\t\t\t\t<\/div>\n\t\t","protected":false},"excerpt":{"rendered":"<p>Un large \u00e9ventail de prestations pour faciliter la gestion de votre entreprise : secr\u00e9tariat, GESTION PAIE-RH ET FORMALITES JURIDIQUES Gestion administrative et commerciale Suivi et traitement de courriers, d\u00e9marches administratives Gestion d\u2019agenda Gestion des litiges Devis, factures, Relances, recouvrement Relation client\u00e8le Mise en place des actions de prospection et de communication Appels d&#8217;offre Certification (QUALIOPI, &hellip;<\/p>\n<p class=\"read-more\"> <a class=\"\" href=\"https:\/\/owliz.fr\/index.php\/prestations-de-secretaire-freelance-services-professionnels-pour-vos-besoins-administratifs\/\"> <span class=\"screen-reader-text\">Prestations<\/span> Read More &raquo;<\/a><\/p>\n","protected":false},"author":1,"featured_media":0,"parent":0,"menu_order":0,"comment_status":"closed","ping_status":"closed","template":"","meta":{"_monsterinsights_skip_tracking":false,"_monsterinsights_sitenote_active":false,"_monsterinsights_sitenote_note":"","_monsterinsights_sitenote_category":0,"site-sidebar-layout":"no-sidebar","site-content-layout":"page-builder","ast-global-header-display":"","ast-main-header-display":"","ast-hfb-above-header-display":"","ast-hfb-below-header-display":"","ast-hfb-mobile-header-display":"","site-post-title":"disabled","ast-breadcrumbs-content":"","ast-featured-img":"disabled","footer-sml-layout":"","theme-transparent-header-meta":"default","adv-header-id-meta":"","stick-header-meta":"","header-above-stick-meta":"","header-main-stick-meta":"","header-below-stick-meta":""},"yoast_head":"<!-- This site is optimized with the Yoast SEO plugin v18.4.1 - https:\/\/yoast.com\/wordpress\/plugins\/seo\/ -->\n<title>Prestations - Owliz<\/title>\n<meta name=\"description\" content=\"D\u00e9couvrez mes prestations de secr\u00e9taire freelance. Je vous propose des services professionnels pour g\u00e9rer vos t\u00e2ches administratives, votre facturation, la gestion de vos emails, la prise de rendez-vous, et bien plus encore\" \/>\n<meta name=\"robots\" content=\"index, follow, max-snippet:-1, max-image-preview:large, max-video-preview:-1\" \/>\n<link rel=\"canonical\" href=\"https:\/\/owliz.fr\/index.php\/prestations-de-secretaire-freelance-services-professionnels-pour-vos-besoins-administratifs\/\" \/>\n<meta property=\"og:locale\" content=\"en_US\" \/>\n<meta property=\"og:type\" content=\"article\" \/>\n<meta property=\"og:title\" content=\"Prestations - Owliz\" \/>\n<meta property=\"og:description\" content=\"D\u00e9couvrez mes prestations de secr\u00e9taire freelance. Je vous propose des services professionnels pour g\u00e9rer vos t\u00e2ches administratives, votre facturation, la gestion de vos emails, la prise de rendez-vous, et bien plus encore\" \/>\n<meta property=\"og:url\" content=\"https:\/\/owliz.fr\/index.php\/prestations-de-secretaire-freelance-services-professionnels-pour-vos-besoins-administratifs\/\" \/>\n<meta property=\"og:site_name\" content=\"Owliz\" \/>\n<meta property=\"article:modified_time\" content=\"2024-07-19T21:59:45+00:00\" \/>\n<meta property=\"og:image\" content=\"https:\/\/owliz.fr\/wp-content\/uploads\/2020\/10\/1470399662_Marketing.png\" \/>\n<meta name=\"twitter:card\" content=\"summary_large_image\" \/>\n<meta name=\"twitter:label1\" content=\"Est. reading time\" \/>\n\t<meta name=\"twitter:data1\" content=\"2 minutes\" \/>\n<script type=\"application\/ld+json\" class=\"yoast-schema-graph\">{\"@context\":\"https:\/\/schema.org\",\"@graph\":[{\"@type\":\"WebSite\",\"@id\":\"https:\/\/owliz.fr\/#website\",\"url\":\"https:\/\/owliz.fr\/\",\"name\":\"Owliz\",\"description\":\"secr\u00e9tariat externalis\u00e9 en Eure et Loir\",\"potentialAction\":[{\"@type\":\"SearchAction\",\"target\":{\"@type\":\"EntryPoint\",\"urlTemplate\":\"https:\/\/owliz.fr\/?s={search_term_string}\"},\"query-input\":\"required name=search_term_string\"}],\"inLanguage\":\"en-US\"},{\"@type\":\"ImageObject\",\"@id\":\"https:\/\/owliz.fr\/index.php\/prestations-de-secretaire-freelance-services-professionnels-pour-vos-besoins-administratifs\/#primaryimage\",\"inLanguage\":\"en-US\",\"url\":\"https:\/\/owliz.fr\/wp-content\/uploads\/2020\/10\/1470399662_Marketing.png\",\"contentUrl\":\"https:\/\/owliz.fr\/wp-content\/uploads\/2020\/10\/1470399662_Marketing.png\"},{\"@type\":\"WebPage\",\"@id\":\"https:\/\/owliz.fr\/index.php\/prestations-de-secretaire-freelance-services-professionnels-pour-vos-besoins-administratifs\/#webpage\",\"url\":\"https:\/\/owliz.fr\/index.php\/prestations-de-secretaire-freelance-services-professionnels-pour-vos-besoins-administratifs\/\",\"name\":\"Prestations - Owliz\",\"isPartOf\":{\"@id\":\"https:\/\/owliz.fr\/#website\"},\"primaryImageOfPage\":{\"@id\":\"https:\/\/owliz.fr\/index.php\/prestations-de-secretaire-freelance-services-professionnels-pour-vos-besoins-administratifs\/#primaryimage\"},\"datePublished\":\"2020-10-04T14:54:01+00:00\",\"dateModified\":\"2024-07-19T21:59:45+00:00\",\"description\":\"D\u00e9couvrez mes prestations de secr\u00e9taire freelance. Je vous propose des services professionnels pour g\u00e9rer vos t\u00e2ches administratives, votre facturation, la gestion de vos emails, la prise de rendez-vous, et bien plus encore\",\"breadcrumb\":{\"@id\":\"https:\/\/owliz.fr\/index.php\/prestations-de-secretaire-freelance-services-professionnels-pour-vos-besoins-administratifs\/#breadcrumb\"},\"inLanguage\":\"en-US\",\"potentialAction\":[{\"@type\":\"ReadAction\",\"target\":[\"https:\/\/owliz.fr\/index.php\/prestations-de-secretaire-freelance-services-professionnels-pour-vos-besoins-administratifs\/\"]}]},{\"@type\":\"BreadcrumbList\",\"@id\":\"https:\/\/owliz.fr\/index.php\/prestations-de-secretaire-freelance-services-professionnels-pour-vos-besoins-administratifs\/#breadcrumb\",\"itemListElement\":[{\"@type\":\"ListItem\",\"position\":1,\"name\":\"Accueil\",\"item\":\"https:\/\/owliz.fr\/\"},{\"@type\":\"ListItem\",\"position\":2,\"name\":\"Prestations\"}]}]}<\/script>\n<!-- \/ Yoast SEO plugin. -->","yoast_head_json":{"title":"Prestations - Owliz","description":"D\u00e9couvrez mes prestations de secr\u00e9taire freelance. Je vous propose des services professionnels pour g\u00e9rer vos t\u00e2ches administratives, votre facturation, la gestion de vos emails, la prise de rendez-vous, et bien plus encore","robots":{"index":"index","follow":"follow","max-snippet":"max-snippet:-1","max-image-preview":"max-image-preview:large","max-video-preview":"max-video-preview:-1"},"canonical":"https:\/\/owliz.fr\/index.php\/prestations-de-secretaire-freelance-services-professionnels-pour-vos-besoins-administratifs\/","og_locale":"en_US","og_type":"article","og_title":"Prestations - Owliz","og_description":"D\u00e9couvrez mes prestations de secr\u00e9taire freelance. Je vous propose des services professionnels pour g\u00e9rer vos t\u00e2ches administratives, votre facturation, la gestion de vos emails, la prise de rendez-vous, et bien plus encore","og_url":"https:\/\/owliz.fr\/index.php\/prestations-de-secretaire-freelance-services-professionnels-pour-vos-besoins-administratifs\/","og_site_name":"Owliz","article_modified_time":"2024-07-19T21:59:45+00:00","og_image":[{"url":"https:\/\/owliz.fr\/wp-content\/uploads\/2020\/10\/1470399662_Marketing.png"}],"twitter_card":"summary_large_image","twitter_misc":{"Est. reading time":"2 minutes"},"schema":{"@context":"https:\/\/schema.org","@graph":[{"@type":"WebSite","@id":"https:\/\/owliz.fr\/#website","url":"https:\/\/owliz.fr\/","name":"Owliz","description":"secr\u00e9tariat externalis\u00e9 en Eure et Loir","potentialAction":[{"@type":"SearchAction","target":{"@type":"EntryPoint","urlTemplate":"https:\/\/owliz.fr\/?s={search_term_string}"},"query-input":"required name=search_term_string"}],"inLanguage":"en-US"},{"@type":"ImageObject","@id":"https:\/\/owliz.fr\/index.php\/prestations-de-secretaire-freelance-services-professionnels-pour-vos-besoins-administratifs\/#primaryimage","inLanguage":"en-US","url":"https:\/\/owliz.fr\/wp-content\/uploads\/2020\/10\/1470399662_Marketing.png","contentUrl":"https:\/\/owliz.fr\/wp-content\/uploads\/2020\/10\/1470399662_Marketing.png"},{"@type":"WebPage","@id":"https:\/\/owliz.fr\/index.php\/prestations-de-secretaire-freelance-services-professionnels-pour-vos-besoins-administratifs\/#webpage","url":"https:\/\/owliz.fr\/index.php\/prestations-de-secretaire-freelance-services-professionnels-pour-vos-besoins-administratifs\/","name":"Prestations - Owliz","isPartOf":{"@id":"https:\/\/owliz.fr\/#website"},"primaryImageOfPage":{"@id":"https:\/\/owliz.fr\/index.php\/prestations-de-secretaire-freelance-services-professionnels-pour-vos-besoins-administratifs\/#primaryimage"},"datePublished":"2020-10-04T14:54:01+00:00","dateModified":"2024-07-19T21:59:45+00:00","description":"D\u00e9couvrez mes prestations de secr\u00e9taire freelance. Je vous propose des services professionnels pour g\u00e9rer vos t\u00e2ches administratives, votre facturation, la gestion de vos emails, la prise de rendez-vous, et bien plus encore","breadcrumb":{"@id":"https:\/\/owliz.fr\/index.php\/prestations-de-secretaire-freelance-services-professionnels-pour-vos-besoins-administratifs\/#breadcrumb"},"inLanguage":"en-US","potentialAction":[{"@type":"ReadAction","target":["https:\/\/owliz.fr\/index.php\/prestations-de-secretaire-freelance-services-professionnels-pour-vos-besoins-administratifs\/"]}]},{"@type":"BreadcrumbList","@id":"https:\/\/owliz.fr\/index.php\/prestations-de-secretaire-freelance-services-professionnels-pour-vos-besoins-administratifs\/#breadcrumb","itemListElement":[{"@type":"ListItem","position":1,"name":"Accueil","item":"https:\/\/owliz.fr\/"},{"@type":"ListItem","position":2,"name":"Prestations"}]}]}},"_links":{"self":[{"href":"https:\/\/owliz.fr\/index.php\/wp-json\/wp\/v2\/pages\/97"}],"collection":[{"href":"https:\/\/owliz.fr\/index.php\/wp-json\/wp\/v2\/pages"}],"about":[{"href":"https:\/\/owliz.fr\/index.php\/wp-json\/wp\/v2\/types\/page"}],"author":[{"embeddable":true,"href":"https:\/\/owliz.fr\/index.php\/wp-json\/wp\/v2\/users\/1"}],"replies":[{"embeddable":true,"href":"https:\/\/owliz.fr\/index.php\/wp-json\/wp\/v2\/comments?post=97"}],"version-history":[{"count":30,"href":"https:\/\/owliz.fr\/index.php\/wp-json\/wp\/v2\/pages\/97\/revisions"}],"predecessor-version":[{"id":593,"href":"https:\/\/owliz.fr\/index.php\/wp-json\/wp\/v2\/pages\/97\/revisions\/593"}],"wp:attachment":[{"href":"https:\/\/owliz.fr\/index.php\/wp-json\/wp\/v2\/media?parent=97"}],"curies":[{"name":"wp","href":"https:\/\/api.w.org\/{rel}","templated":true}]}}